r of y and i?
8
Let u(r) = -2*r - 22. Let h be u(-14). Calculate the highest common factor of 6 and h.
6
Suppose -4*o + 7*o = 12. Suppose -12 - o = -4*d. What is the greatest common divisor of d and 36?
4
Let h be 42*-4*(-6)/8. Suppose 5*u - h = 2*u. Calculate the greatest common factor of u and 6.
6
Suppose -3*b = -3*y - 138, 134 = 3*b - 2*y + y. Suppose -s - b = -5*s. What is the highest common factor of 1 and s?
1
Let u be ((-9)/(-18))/(2/96). What is the highest common factor of 3 and u?
3
Suppose -5*v + 28 = 4*s, -3*v + 25 = 2*s + 9. Let d be (-1 - (-20)/15)*(1 - -11). Calculate the highest common divisor of v and d.
4
Suppose -7*t = -3*t - 8. Suppose -t*y + 5*y = 15, 2*a + y - 15 = 0. Suppose 5*n = 344 - 119. Calculate the greatest common divisor of a and n.
5
Let z(m) = m**2 - 5*m - 7. Let n be z(5). Let a(k) = -2*k**3 - 10*k**2 - k + 6. Let p be a(n). Let g = p + -139. What is the highest common divisor of g and 10?
10
Suppose 0*u + 57 = 4*u - 5*w, 5*u = 2*w + 84. What is the highest common factor of 6 and u?
6
Let s be 238/8 - (-17)/68. Suppose 3*a - 4*g - 41 = 0, 0 = -0*g + 5*g - 5. Calculate the greatest common factor of s and a.
15
Let d = -33 + 105. What is the highest common divisor of 48 and d?
24
Suppose -3*z + 48 = -2*o, 2*z + 3*z - 99 = -3*o. What is the greatest common divisor of 2 and z?
2
Let a(s) = 2*s - 1 - s**2 - 3 + 5. Let g be a(-1). Let w be (-1 - g)*-1 + 66. What is the greatest common divisor of w and 13?
13
Let r(p) = p**3 + p. Let w be r(1). Suppose 4*z + 4*k = 152, -4*k - 6 = -w. Let v = 20 - -6. What is the greatest common factor of z and v?
13
Let h = 62 + 282. What is the greatest common factor of 43 and h?
43
Suppose -i + 7*i - 90 = 0. Let f be (-2)/(2*3/(-183)). Suppose -h - 16 + f = 0. Calculate the greatest common factor of i and h.
15
Let z(f) = 2*f**3 - f**2 + f - 1. Let r be z(1). Calculate the highest common divisor of 11 and r.
1
Suppose -2 = 2*x - 12. Suppose g = -y + 41, -2*y + 7*y + 195 = x*g. Let f = -20 + 30. What is the highest common factor of f and g?
10
Suppose -4*z + 13 = -23. Let j = -13 - -22. What is the greatest common divisor of j and z?
9
Suppose 0 = 2*h + l - 73 - 20, 3*h - 3*l - 117 = 0. What is the greatest common factor of 176 and h?
44
Let j(p) = 16*p + 1. Let m(u) = -u**2 + 4*u + 6. Let i be m(5). Let g be j(i). Suppose 0*x - 935 = -5*x. Calculate the highest common divisor of x and g.
17
Let x(f) = -2*f - 8. Let s be x(-6). Suppose -l - 17 = -w - 4*l, 0 = -3*w + 5*l + 121. What is the highest common divisor of s and w?
4
Let g(i) = i - 3. Let x be g(10). Calculate the greatest common divisor of 35 and x.
7
Let b(v) = -v**2 - 14*v - 24. Let p be b(-11). Suppose -g - 73 = -3*z + g, 3*g - 66 = -2*z. What is the greatest common factor of z and p?
9
Suppose y - 3 = 0, -3*c = y - 11 - 13. What is the greatest common factor of c and 7?
7
Suppose -2*t - 5*a = -4*t - 28, 4*t - a + 20 = 0. Let l = 8 + t. What is the greatest common factor of 36 and l?
4
Suppose r = -2*r + 15. Let n(a) = a**3 + 9*a**2 + 8*a + 2. Let i be n(-8). Calculate the greatest common factor of i and r.
1
Suppose 6 - 34 = -f. Calculate the highest common factor of 84 and f.
28
Let a = 182 + -101. Calculate the greatest common divisor of a and 18.
9
Let j be (-2)/(-5) - 216/(-10). Let v(s) = s**3 + 11*s**2 - 4*s + 11. Let k be v(-11). Calculate the highest common divisor of j and k.
11
Let o(s) = 3*s**2 + 5*s. Let z = 6 - 11. Let a be o(z). Suppose 4*c - 65 - 15 = 0. Calculate the highest common factor of c and a.
10
Let a be (36/(-54))/(2/(-90)). Calculate the greatest common factor of a and 5.
5
Suppose 6*n - 8*n + 62 = 0. What is the greatest common divisor of n and 155?
31
Suppose -212 + 612 = 5*a. Calculate the highest common factor of a and 10.
10
Let v = -38 - -63. Calculate the greatest common factor of v and 10.
5
Let c(r) = r**3 + 2*r**2 + r - 1. Let l = -2 - -4. Let v be c(l). Calculate the highest common divisor of 119 and v.
17
Let p = -4 - -7. Let o be (24/(-15))/(p/(-105)). What is the greatest common divisor of 8 and o?
8
Let n be ((-14)/21)/((-2)/393). Let h = n + -26. What is the highest common divisor of 42 and h?
21
Let v be 14/4 - (-6)/(-12). Suppose 5*y - 4 = v*y. Suppose 2*c - 48 + 17 = -3*i, -y*i = 5*c - 61. What is the highest common divisor of 88 and c?
11
Let p = -9 + 2. Let j = p - -133. What is the greatest common divisor of j and 18?
18
Let o(c) = 20*c**3 - c. Let i = -10 + 11. Let x be o(i). What is the highest common divisor of x and 38?
19
Suppose -924 = 4*q - 7*q. What is the greatest common factor of 28 and q?
28
Let h = 183 + -123. Suppose u + 2*g + 2*g = 6, -5*g = 0. Suppose 0 = -u*q + q + 30. Calculate the highest common factor of h and q.
6
Let z be (115/(-15))/((-2)/6). Calculate the greatest common factor of 253 and z.
23
Let a be ((-15)/(-25))/(3/105). Calculate the greatest common divisor of 189 and a.
21
Let g = -7 + 12. Suppose 0 = g*l - 3 - 2. Let j be 2/(-7) - 51/(-7). Calculate the greatest common divisor of j and l.
1
Let x be (108/10)/(-6)*-5. What is the greatest common factor of 18 and x?
9
Suppose 0*m - 3*m = 6. Let g = 0 + m. Let y be 3 + g - (-84 - -1). Calculate the highest common factor of y and 12.
12
Suppose 0*g + 3*w = -3*g + 9, 4*w = 3*g - 23. Let n(i) = -i - 2*i + i**3 - 11*i**2 + 5 + 7*i**2. Let l be n(g). Calculate the greatest common factor of l and 3.
3
Let n = -76 - -99. What is the highest common divisor of n and 115?
23
Let j = 145 + -60. Let m = 8 + -4. Suppose -f + 4*f + v - 52 = 0, -67 = -m*f + v. Calculate the highest common factor of f and j.
17
Let t = 6 + 0. Let k = 11 - t. Let w = -47 - -92. Calculate the greatest common divisor of k and w.
5
Let u = 3 + 8. Calculate the highest common divisor of 11 and u.
11
Let o be 4 + -7 + 281 + 1. Let y be ((-2)/4)/((-1)/862). Let n = y - o. What is the greatest common factor of n and 19?
19
Suppose -9*r + 13*r = 80. What is the greatest common divisor of 220 and r?
20
Let h be (-24)/(-11) + 4/(-22). Suppose 0 = -4*x - v + 20, -6 = -2*x - v + h. Calculate the highest common factor of x and 42.
6
Let v = 101 + -59. Calculate the greatest common divisor of v and 105.
21
Suppose -d = 2*j + j - 12, 5*d = 5*j - 40. What is the highest common divisor of 2 and j?
1
Let n = 22 - -18. What is the highest common divisor of 10 and n?
10
Let j be ((4/6)/1)/((-2)/(-75)). Calculate the greatest common factor of j and 10.
5
Let v be (1 + -2)*-13 - 0. Let j = 128 + -37. Calculate the highest common divisor of v and j.
13
Let y(n) = -2*n**2 - 2*n. Let o be y(-2). Let u = -6 - o. Let c be (4/10)/(u/(-60)). Calculate the greatest common divisor of c and 4.
4
Let w = 150 - 100. Let c be (-2)/3 - w/(-3). Suppose -2*q - 5*n + 140 = 0, -q + 88 = -3*n + n. Calculate the greatest common factor of c and q.
16
Suppose -p = 4*z + 15, -z + 2*p + 2 = 8. Let k = z - -24. What is the highest common factor of k and 60?
20
Let p(r) = 5*r**2 - 1. Let a be p(1). Suppose 4*o + 2*b - 14 = 0, a*o + 3*b = 2*o + 9. Calculate the highest common divisor of 27 and o.
3
Suppose 2*y + 0*y - 30 = 0. Calculate the highest common divisor of y and 105.
15
Suppose 2*v - 3*j = -7*j - 2, 2*v - 7 = -j. Suppose -288 = -10*o + v*o - 3*b, -2*b = -o + 68. Calculate the greatest common divisor of 10 and o.
10
Let b be 21 + 1/(-2)*2. What is the highest common factor of b and 8?
4
Let t = -6 + 11. Let g(i) = -i**3 + 5*i**2 + i + 1. Let q be g(t). Calculate the highest common divisor of q and 42.
6
Suppose -2*p + 11 = -3*p. Suppose 4*b - 6*b + 184 = 0. Let h = p + b. What is the greatest common factor of h and 9?
9
Let z(q) = 8*q - 6. Let o be z(6). Suppose 4*n = -0*n + 56. Calculate the highest common divisor of o and n.
14
Suppose 7*o + 33 = 10*o. Calculate the greatest common divisor of 22 and o.
11
Suppose 38 = 6*h - 70. Let r be 3/((3/4)/1). Suppose a = -p - 7 + 4, -r*p - 2*a = 2. Calculate the highest common factor of h and p.
2
Let s be 2/(-3)*219/(-2). Suppose 3*w = s + 35. Calculate the highest common divisor of w and 9.
9
Let n be 15/6*5544/90. Let h(z) = -2*z**3 - 5*z**2 - 2*z - 1. Let x be h(-3). What is the highest common divisor of x and n?
14
Suppose 180 = 6*h - h. Suppose -r - 2*z = 3*z - 33, 2*z = -r + h. Suppose 2*o + 79 = 4*v + o, -92 = -5